) to base 16
-835
-2141 (base 5) to base 3
-101222
What is 347 (base 10) in base 15?
182
-456 (base 11) to base 10
-545
Convert 1077 (base 11) to base 8.
2607
Convert 1c0c3 (base 15) to base 9.
148223
20011000 (base 3) to base 15
14dc
What is 1464 (base 8) in base 7?
2251
What is 29a (base 14) in base 5?
4103
22213 (base 5) to base 7
4354
What is 994 (base 15) in base 5?
32124
What is 36360 (base 8) in base 3?
210101210
What is 3789 (base 15) in base 2?
10111000110101
What is 40423 (base 7) in base 12?
5821
-125325 (base 6) to base 14
-4309
-235a6 (base 11) to base 9
-51563
Convert 101a9 (base 14) to base 10.
38761
111011001 (base 2) to base 4
13121
What is -19b6 (base 16) in base 8?
-14666
Convert -55232 (base 6) to base 9.
-11442
What is -6303 (base 7) in base 6?
-14120
Convert -2d5 (base 16) to base 12.
-505
Convert -3013300 (base 4) to base 12.
-7494
What is 100010011111 (base 2) in base 16?
89f
What is -10101011111 (base 2) in base 6?
-10211
-740 (base 8) to base 7
-1254
1200 (base 3) to base 14
33
12031211 (base 4) to base 5
1303240
Convert 3e9 (base 15) to base 8.
1576
-510325 (base 6) to base 4
-21311231
-163045 (base 7) to base 13
-118c9
What is -2346 (base 16) in base 15?
-2a20
What is 1466 (base 8) in base 11?
688
-101 (base 8) to base 10
-65
Convert -264b (base 12) to base 9.
-6005
What is -12001222 (base 3) in base 8?
-7162
20413 (base 9) to base 5
412313
102100022 (base 3) to base 14
302a
What is -7109 (base 12) in base 10?
-12249
What is 22001300 (base 4) in base 3?
2002100012
-492b (base 16) to base 10
-18731
-187e (base 15) to base 16
-14ae
-5c8 (base 13) to base 7
-2641
What is 244152 (base 6) in base 12?
10658
-1682 (base 9) to base 16
-509
What is 4eba (base 16) in base 7?
112521
Convert -2710 (base 9) to base 5.
-31114
-1793 (base 14) to base 15
-13d0
Convert 1a (base 15) to base 13.
1c
3762 (base 8) to base 16
7f2
What is -1112111122 (base 3) in base 11?
-20807
What is -10b22 (base 12) in base 10?
-22346
Convert -2ac (base 16) to base 15.
-309
What is -152556 (base 7) in base 3?
-1111212010
Convert 101354 (base 6) to base 3.
102011021
-200212 (base 3) to base 9
-625
Convert -7286 (base 12) to base 6.
-133450
What is 156 (base 16) in base 11?
291
-2294 (base 10) to base 7
-6455
464a (base 12) to base 9
11664
Convert -22654 (base 9) to base 12.
-88b7
-a06 (base 12) to base 16
-5a6
-31053 (base 9) to base 8
-47754
Convert -230 (base 15) to base 13.
-2c1
What is 112651 (base 7) in base 14?
7528
Convert -7a99 (base 11) to base 2.
-10100110001011
-188 (base 9) to base 7
-320
Convert -2002 (base 5) to base 2.
-11111100
-266 (base 11) to base 7
-626
What is 10001001110010 (base 2) in base 3?
110002121
-12827 (base 9) to base 13
-3c58
What is -1279 (base 14) in base 11?
-2489
7804 (base 10) to base 14
2bb6
What is -15869 (base 12) in base 11?
-20aa7
Convert -7201 (base 11) to base 10.
-9560
Convert -2112102 (base 3) to base 11.
-142a
33676 (base 9) to base 5
1204200
Convert 4210 (base 11) to base 6.
41453
What is -1d99 (base 15) in base 8?
-14454
What is -4266 (base 10) in base 5?
-114031
What is 11010010110 (base 2) in base 6?
11450
What is 658c (base 14) in base 4?
10102200
-111110 (base 2) to base 7
-116
Convert -202201001 (base 3) to base 7.
-62002
What is -10300023 (base 4) in base 9?
-28630
What is -5242 (base 9) in base 7?
-14132
10121220 (base 3) to base 15
bb3
Convert -65011 (base 7) to base 3.
-211010101
What is 211200221 (base 3) in base 5?
1012144
-1a5 (base 11) to base 8
-354
Convert 3288 (base 11) to base 3.
12221102
Convert 3b22 (base 16) to base 15.
4743
Convert -3023 (base 4) to base 7.
-410
What is dd7 (base 15) in base 7?
12055
What is 10111110 (base 2) in base 6?
514
Convert -17a03 (base 11) to base 2.
-110001001010011
What is -14681 (base 9) in base 3?
-111202201
What is -101010001011100 (base 2) in base 12?
-105b8
8335 (base 11) to base 7
44133
577 (base 12) to base 15
391
30267 (base 8) to base 6
133423
1819 (base 13) to base 5
103241
Convert -23133 (base 5) to base 8.
-3204
-ae7 (base 16) to base 4
-223213
What is -2103 (base 5) in base 13?
-185
Convert -3231003 (base 4) to base 8.
-35503
Convert -15415 (base 6) to base 5.
-40111
-1a59 (base 15) to base 2
-1011001001101
-1100100111100001 (base 2) to base 5
-3123211
1183 (base 10) to base 2
10010011111
Convert 2021020 (base 4) to base 11.
6659
Convert -3533 (base 7) to base 3.
-1210002
What is 453 (base 8) in base 2?
100101011
-1101011010 (base 2) to base 12
-5b6
What is -11839 (base 15) in base 5?
-3241404
-29b6 (base 14) to base 8
-16364
What is 3618 (base 9) in base 8?
5202
Convert -31252 (base 6) to base 12.
-2528
Convert 113203 (base 6) to base 11.
73a5
Convert 3433 (base 8) to base 13.
a9c
-1053 (base 7) to base 11
-317
Convert -266 (base 8) to base 11.
-156
What is -21003 (base 4) in base 5?
-4304
What is -441 (base 8) in base 10?
-289
Convert -a0aa (base 11) to base 3.
-200102102
8d (base 16) to base 15
96
What is -1441 (base 12) in base 14?
-c01
3a67 (base 16) to base 7
61406
Convert -132120 (base 4) to base 7.
-5445
-2144 (base 9) to base 11
-1206
Convert -761 (base 8) to base 2.
-111110001
What is -3a8 (base 15) in base 10?
-833
Convert -4454 (base 9) to base 12.
-1aa1
133302 (base 4) to base 16
7f2
-4950 (base 14) to base 9
-18513
What is 790 (base 13) in base 16?
514
Convert -93b (base 15) to base 12.
-1255
What is -3a6 (base 11) in base 15?
-21e
-285 (base 10) to base 14
-165
-17526 (base 14) to base 5
-3334023
-448 (base 10) to base 14
-240
143301 (base 5) to base 11
4624
Convert -39a (base 12) to base 3.
-202101
2178 (base 9) to base 10
1610
-30022 (base 4) to base 5
-11103
What is -1022010 (base 3) in base 14?
-4ba
-3467 (base 9) to base 11
-1a29
Convert -3851 (base 9) to base 6.
-21201
Convert -1303 (base 4) to base 6.
-311
What is 134 (base 8) in base 5?
332
What is 1072 (base 9) in base 10?
794
What is 1b196 (base 12) in base 11?
28066
What is 133222 (base 5) in base 3?
21110101
-242325 (base 7) to base 16
-ac26
Convert 3062 (base 8) to base 10.
1586
-50631 (base 7) to base 6
-133013
What is 11100110111000 (base 2) in base 14?
5556
665 (base 8) to base 4
12311
What is -30301322 (base 4) in base 13?
-1aa98
Convert 62a9 (base 16) to base 2.
110001010101001
Convert -841e (base 16) to base 10.
-33822
13123 (base 5) to base 9
1373
Convert 130013 (base 4) to base 7.
5150
51103 (base 7) to base 9
18007
Convert -110111111101111 (base 2) to base 15.
-8755
Convert 330201 (base 4) to base 15.
1233
-85265 (base 10) to base 8
-246421
Convert 69a (base 13) to base 10.
1141
What is -2028 (base 10) in base 6?
-13220
Convert 2314 (base 14) to base 15.
1c14
Convert 1120012021 (base 3) to base 4.
13200220
What is 25aa0 (base 11) in base 10?
37257
Convert 20020012 (base 3) to base 9.
6205
What is 2323101 (base 4) in base 12?
6b29
7427 (base 12) to base 16
319f
Convert 1bdd (base 14) to base 8.
11747
Convert -224 (base 5) to base 14.
-48
What is 1985 (base 13) in base 10?
3827
Convert -200222010 (base 3) to base 10.
-13827
What is 7041 (base 10) in base 12?
40a9
1132 (base 6) to base 12
1a8
-111111001001011 (base 2) to base 5
-2013311
Convert 12020000 (base 3) to base 12.
2253
Convert 333 (base 16) to base 11.
685
30040 (base 6) to base 5
111122
Convert 7928 (base 10) to base 5.
223203
What is -175 (base 11) in base 5?
-1303
What is -15c (base 15) in base 8?
-470
3325 (base 15) to base 11
8160
What is -1000100101011 (base 2) in base 4?
-1010223
2730 (base 11) to base 4
313112
Convert 788 (base 14) to base 3.
2001021
9878 (base 11) to base 7
52665
2550 (base 7) to base 9
1283
Convert 1939 (base 10) to base 16.
793
-595d (base 14) to base 11
-10772
What is -22432 (base 5) in base 6?
-11253
What is -3429 (base 12) in base 3?
-21221120
Convert 1002 (base 6) to base 8.
332
Convert -22173 (base 8) to base 14.
-3591
What is 113302 (base 4) in base 3?
2002101
5080 (base 14) to base 13
63b0
Convert -854a (base 15) to base 14.
-a3bd
2a08 (base 11) to base 4
330220
Convert 101114 (base 5) to base 16.
cd4
What is -35011 (base 6) in base 9?
-6737
Convert 2209 (base 13) to base 8.
11205
Convert -112451 (base 6) to base 16.
-25cf
69b (base 14) to base 12
915
What is 1001000110 (base 2) in base 11?
48a
1111122 (base 4) to base 14
1dc6
2702 (base 10) to base 8
5216
What 